{"id":109468,"date":"2021-12-10T11:10:12","date_gmt":"2021-12-10T10:10:12","guid":{"rendered":"https:\/\/www.dzm-museum.de\/portfolio\/time-dreams\/"},"modified":"2026-01-08T15:33:35","modified_gmt":"2026-01-08T14:33:35","slug":"time-dreams","status":"publish","type":"portfolio","link":"https:\/\/www.dzm-museum.de\/en\/portfolio\/time-dreams\/","title":{"rendered":"Time dreams"},"content":{"rendered":"<div class=\"wpb-content-wrapper\"><p>[vc_row row_height_percent=&#8221;0&#8243; override_padding=&#8221;yes&#8221; h_padding=&#8221;2&#8243; top_padding=&#8221;3&#8243; bottom_padding=&#8221;3&#8243; overlay_alpha=&#8221;50&#8243; gutter_size=&#8221;3&#8243; column_width_percent=&#8221;100&#8243; shift_y=&#8221;0&#8243; z_index=&#8221;0&#8243; uncode_shortcode_id=&#8221;423592&#8243;][vc_column column_width_percent=&#8221;100&#8243; gutter_size=&#8221;2&#8243; overlay_alpha=&#8221;50&#8243; shift_x=&#8221;0&#8243; shift_y=&#8221;0&#8243; shift_y_down=&#8221;0&#8243; z_index=&#8221;0&#8243; medium_width=&#8221;0&#8243; mobile_width=&#8221;0&#8243; width=&#8221;1\/1&#8243; uncode_shortcode_id=&#8221;542257&#8243;][vc_separator sep_color=&#8221;color-wayh&#8221; icon_position=&#8221;left&#8221; uncode_shortcode_id=&#8221;214189&#8243; sep_color_type=&#8221;uncode-palette&#8221; el_width=&#8221;15%&#8221; el_height=&#8221;2px&#8221;][vc_custom_heading heading_semantic=&#8221;h1&#8243; text_font=&#8221;font-343962&#8243; text_size=&#8221;fontsize-155944&#8243; text_weight=&#8221;100&#8243; uncode_shortcode_id=&#8221;148261&#8243;]Time dreams[\/vc_custom_heading][vc_custom_heading text_font=&#8221;font-377884&#8243; text_size=&#8221;h3&#8243; text_weight=&#8221;300&#8243; uncode_shortcode_id=&#8221;189415&#8243;]The Association of Hungarian German Authors and Artists[\/vc_custom_heading][vc_custom_heading text_size=&#8221;h4&#8243; text_weight=&#8221;600&#8243; uncode_shortcode_id=&#8221;283242&#8243;]<strong>24.09.2010 &#8211; 09.01.2011<\/strong>[\/vc_custom_heading][\/vc_column][\/vc_row][vc_row row_height_percent=&#8221;0&#8243; override_padding=&#8221;yes&#8221; h_padding=&#8221;2&#8243; top_padding=&#8221;0&#8243; bottom_padding=&#8221;2&#8243; overlay_alpha=&#8221;50&#8243; gutter_size=&#8221;3&#8243; column_width_percent=&#8221;100&#8243; shift_y=&#8221;0&#8243; z_index=&#8221;0&#8243; uncode_shortcode_id=&#8221;147371&#8243;][vc_column width=&#8221;1\/2&#8243;][vc_single_image media=&#8221;112602&#8243; media_width_percent=&#8221;100&#8243; uncode_shortcode_id=&#8221;193347&#8243;][\/vc_column][vc_column width=&#8221;1\/2&#8243;][vc_column_text uncode_shortcode_id=&#8221;523521&#8243;]The VUdAK was founded in 1992. It consists of a section for literature and a section for visual arts. With around 40 members, the association is today the link and mouthpiece for German cultural workers living in Hungary. These are almost exclusively members of the Hungarian-German minority.<\/p>\n<p>Time dreams was the first overall presentation of the VUdAK, which includes visual arts and literature. She gave an overview of the current artistic work of the Hungarian Germans. Art and culture in particular reflect social transformation processes, aspects of ethnicity and integration, but also cross-border relationships between Hungary and Germany.<br \/>\nThe Danube Swabian Central Museum presented the VUdAK in a comprehensive exhibition. The exhibition was then shown in the Baden-W\u00fcrttemberg State Representation in Brussels.[\/vc_column_text][\/vc_column][\/vc_row][vc_row row_height_percent=&#8221;0&#8243; override_padding=&#8221;yes&#8221; h_padding=&#8221;2&#8243; top_padding=&#8221;0&#8243; bottom_padding=&#8221;3&#8243; overlay_alpha=&#8221;50&#8243; gutter_size=&#8221;3&#8243; column_width_percent=&#8221;100&#8243; shift_y=&#8221;0&#8243; z_index=&#8221;0&#8243; uncode_shortcode_id=&#8221;295312&#8243;][vc_column width=&#8221;1\/1&#8243;][vc_column_text uncode_shortcode_id=&#8221;192741&#8243;]Until the opening of the exhibition, the museum showed a work by a Hungarian-German artist every month under the title &#8220;ungART&#8221;. Works by \u00c1kos Matzon, Josef Bartl, Robert K\u00f6nig, L\u00e1szl\u00f3 Hajd\u00fa, Manfred Karsch and Volker Schwarz were on display.[\/vc_column_text][\/vc_column][\/vc_row]<\/p>\n<\/div>","protected":false},"excerpt":{"rendered":"<p>[vc_row row_height_percent=&#8221;0&#8243; override_padding=&#8221;yes&#8221; h_padding=&#8221;2&#8243; top_padding=&#8221;3&#8243; bottom_padding=&#8221;3&#8243; overlay_alpha=&#8221;50&#8243; gutter_size=&#8221;3&#8243; column_width_percent=&#8221;100&#8243; shift_y=&#8221;0&#8243; z_index=&#8221;0&#8243; uncode_shortcode_id=&#8221;423592&#8243;][vc_column column_width_percent=&#8221;100&#8243; gutter_size=&#8221;2&#8243; overlay_alpha=&#8221;50&#8243; shift_x=&#8221;0&#8243; shift_y=&#8221;0&#8243; shift_y_down=&#8221;0&#8243; z_index=&#8221;0&#8243; medium_width=&#8221;0&#8243; <a class=\"btn btn-link read-more\" target=\"_self\" href=\"https:\/\/www.dzm-museum.de\/en\/portfolio\/time-dreams\/\">Read More<\/a><\/p>\n","protected":false},"author":1,"featured_media":112603,"parent":0,"menu_order":42,"comment_status":"closed","ping_status":"closed","template":"","meta":{"footnotes":""},"portfolio_category":[291],"class_list":["post-109468","portfolio","type-portfolio","status-publish","has-post-thumbnail","hentry","portfolio_category-special-exhibitions-archive"],"_links":{"self":[{"href":"https:\/\/www.dzm-museum.de\/en\/wp-json\/wp\/v2\/portfolio\/109468","targetHints":{"allow":["GET"]}}],"collection":[{"href":"https:\/\/www.dzm-museum.de\/en\/wp-json\/wp\/v2\/portfolio"}],"about":[{"href":"https:\/\/www.dzm-museum.de\/en\/wp-json\/wp\/v2\/types\/portfolio"}],"author":[{"embeddable":true,"href":"https:\/\/www.dzm-museum.de\/en\/wp-json\/wp\/v2\/users\/1"}],"replies":[{"embeddable":true,"href":"https:\/\/www.dzm-museum.de\/en\/wp-json\/wp\/v2\/comments?post=109468"}],"version-history":[{"count":10,"href":"https:\/\/www.dzm-museum.de\/en\/wp-json\/wp\/v2\/portfolio\/109468\/revisions"}],"predecessor-version":[{"id":116587,"href":"https:\/\/www.dzm-museum.de\/en\/wp-json\/wp\/v2\/portfolio\/109468\/revisions\/116587"}],"wp:featuredmedia":[{"embeddable":true,"href":"https:\/\/www.dzm-museum.de\/en\/wp-json\/wp\/v2\/media\/112603"}],"wp:attachment":[{"href":"https:\/\/www.dzm-museum.de\/en\/wp-json\/wp\/v2\/media?parent=109468"}],"wp:term":[{"taxonomy":"portfolio_category","embeddable":true,"href":"https:\/\/www.dzm-museum.de\/en\/wp-json\/wp\/v2\/portfolio_category?post=109468"}],"curies":[{"name":"wp","href":"https:\/\/api.w.org\/{rel}","templated":true}]}}

<div class="wpb-content-wrapper"><p>[vc_row row_height_percent=&#8221;0&#8243; override_padding=&#8221;yes&#8221; h_padding=&#8221;2&#8243; top_padding=&#8221;3&#8243; bottom_padding=&#8221;3&#8243; overlay_alpha=&#8221;50&#8243; gutter_size=&#8221;3&#8243; column_width_percent=&#8221;100&#8243; shift_y=&#8221;0&#8243; z_index=&#8221;0&#8243; uncode_shortcode_id=&#8221;423592&#8243;][vc_column column_width_percent=&#8221;100&#8243; gutter_size=&#8221;2&#8243; overlay_alpha=&#8221;50&#8243; shift_x=&#8221;0&#8243; shift_y=&#8221;0&#8243; shift_y_down=&#8221;0&#8243; z_index=&#8221;0&#8243; medium_width=&#8221;0&#8243; mobile_width=&#8221;0&#8243; width=&#8221;1/1&#8243; uncode_shortcode_id=&#8221;542257&#8243;][vc_separator sep_color=&#8221;color-wayh&#8221; icon_position=&#8221;left&#8221; uncode_shortcode_id=&#8221;214189&#8243; sep_color_type=&#8221;uncode-palette&#8221; el_width=&#8221;15%&#8221; el_height=&#8221;2px&#8221;][vc_custom_heading heading_semantic=&#8221;h1&#8243; text_font=&#8221;font-343962&#8243; text_size=&#8221;fontsize-155944&#8243; text_weight=&#8221;100&#8243; uncode_shortcode_id=&#8221;148261&#8243;]Time dreams[/vc_custom_heading][vc_custom_heading text_font=&#8221;font-377884&#8243; text_size=&#8221;h3&#8243; text_weight=&#8221;300&#8243; uncode_shortcode_id=&#8221;189415&#8243;]The Association of Hungarian German Authors and Artists[/vc_custom_heading][vc_custom_heading text_size=&#8221;h4&#8243; text_weight=&#8221;600&#8243; uncode_shortcode_id=&#8221;283242&#8243;]<strong>24.09.2010 &#8211; 09.01.2011</strong>[/vc_custom_heading][/vc_column][/vc_row][vc_row row_height_percent=&#8221;0&#8243; override_padding=&#8221;yes&#8221; h_padding=&#8221;2&#8243; top_padding=&#8221;0&#8243; bottom_padding=&#8221;2&#8243; overlay_alpha=&#8221;50&#8243; gutter_size=&#8221;3&#8243; column_width_percent=&#8221;100&#8243; shift_y=&#8221;0&#8243; z_index=&#8221;0&#8243; uncode_shortcode_id=&#8221;147371&#8243;][vc_column width=&#8221;1/2&#8243;][vc_single_image media=&#8221;112602&#8243; media_width_percent=&#8221;100&#8243; uncode_shortcode_id=&#8221;193347&#8243;][/vc_column][vc_column width=&#8221;1/2&#8243;][vc_column_text uncode_shortcode_id=&#8221;523521&#8243;]The VUdAK was founded in 1992. It consists of a section for literature and a section for visual arts. With around 40 members, the association is today the link and mouthpiece for German cultural workers living in Hungary. These are almost exclusively members of the Hungarian-German minority.</p>
<p>Time dreams was the first overall presentation of the VUdAK, which includes visual arts and literature. She gave an overview of the current artistic work of the Hungarian Germans. Art and culture in particular reflect social transformation processes, aspects of ethnicity and integration, but also cross-border relationships between Hungary and Germany.<br />
The Danube Swabian Central Museum presented the VUdAK in a comprehensive exhibition. The exhibition was then shown in the Baden-Württemberg State Representation in Brussels.[/vc_column_text][/vc_column][/vc_row][vc_row row_height_percent=&#8221;0&#8243; override_padding=&#8221;yes&#8221; h_padding=&#8221;2&#8243; top_padding=&#8221;0&#8243; bottom_padding=&#8221;3&#8243; overlay_alpha=&#8221;50&#8243; gutter_size=&#8221;3&#8243; column_width_percent=&#8221;100&#8243; shift_y=&#8221;0&#8243; z_index=&#8221;0&#8243; uncode_shortcode_id=&#8221;295312&#8243;][vc_column width=&#8221;1/1&#8243;][vc_column_text uncode_shortcode_id=&#8221;192741&#8243;]Until the opening of the exhibition, the museum showed a work by a Hungarian-German artist every month under the title &#8220;ungART&#8221;. Works by Ákos Matzon, Josef Bartl, Robert König, László Hajdú, Manfred Karsch and Volker Schwarz were on display.[/vc_column_text][/vc_column][/vc_row]</p>
</div>
